ase 8.
-1503
2415 (base 7) to base 12
626
Convert 1094 (base 15) to base 3.
11211011
d9b (base 16) to base 12
2023
1000001010 (base 2) to base 5
4042
7240 (base 11) to base 10
9603
141 (base 8) to base 16
61
What is -10010000000 (base 2) in base 5?
-14102
What is 201111 (base 3) in base 7?
1351
What is 137 (base 13) in base 3?
21222
What is -61175 (base 8) in base 3?
-1021120211
Convert -239c (base 13) to base 4.
-1032212
What is -2232001 (base 4) in base 12?
-6541
-2032114 (base 5) to base 8
-101201
What is -31085 (base 11) in base 7?
-246131
2 (base 3) to base 2
10
What is -1863 (base 10) in base 9?
-2500
Convert 16d1 (base 14) to base 7.
14651
Convert -103 (base 8) to base 16.
-43
What is -2110 (base 5) in base 11?
-235
What is 2202221221 (base 3) in base 4?
31111312
-1101011001110 (base 2) to base 13
-317b
What is -212020021 (base 3) in base 16?
-4228
Convert 236 (base 13) to base 3.
112012
-200323 (base 4) to base 11
-1646
What is 11000001001 (base 2) in base 14?
7c5
441 (base 13) to base 3
1000000
1450 (base 6) to base 4
12012
What is -3b0 (base 16) in base 2?
-1110110000
b439 (base 12) to base 3
222221000
Convert 745b (base 12) to base 10.
12743
What is -25b8 (base 16) in base 5?
-302111
What is 311a (base 16) in base 13?
594c
-75 (base 10) to base 3
-2210
What is -46903 (base 11) in base 4?
-100200322
What is 3048 (base 13) in base 4?
1213323
What is -1000001011111 (base 2) in base 11?
-3170
25153 (base 8) to base 10
10859
-6134 (base 16) to base 5
-1244014
What is 1000011 (base 3) in base 13?
445
Convert -253221 (base 6) to base 7.
-123241
Convert 2a7 (base 12) to base 13.
25c
Convert -1b7a8 (base 14) to base 11.
-48756
What is -125 (base 6) in base 12?
-45
What is 111111000110100 (base 2) in base 16?
7e34
What is -11420 (base 7) in base 3?
-11001102
Convert 111110110101100 (base 2) to base 11.
22198
Convert -1133 (base 4) to base 10.
-95
1cf2 (base 16) to base 3
101011110
3a5 (base 11) to base 6
2114
11234 (base 5) to base 12
583
-131040 (base 5) to base 7
-21000
What is 442 (base 15) in base 10?
962
2200 (base 5) to base 15
150
3544 (base 9) to base 15
ba7
What is -10110111100 (base 2) in base 6?
-10444
Convert 225 (base 11) to base 5.
2034
What is 1231221 (base 4) in base 14?
27b3
4441 (base 7) to base 5
22342
What is 890 (base 10) in base 15?
3e5
Convert -202542 (base 7) to base 2.
-1000011100001111
848 (base 10) to base 14
448
What is 1146 (base 7) in base 15?
1d6
Convert 25323 (base 9) to base 14.
62c7
Convert -402 (base 10) to base 12.
-296
Convert -200000210 (base 3) to base 12.
-7733
5825 (base 9) to base 6
31552
What is 47e (base 16) in base 6?
5154
Convert -10173 (base 11) to base 6.
-152414
What is -1126 (base 8) in base 3?
-211011
What is 22500 (base 8) in base 9?
14065
Convert 265 (base 12) to base 3.
111112
Convert -122122200 (base 3) to base 12.
-7546
Convert 302 (base 5) to base 3.
2212
What is 24 (base 15) in base 14?
26
What is 1616 (base 7) in base 9?
802
-100110101111 (base 2) to base 15
-b04
Convert -33046 (base 8) to base 5.
-420422
1073 (base 12) to base 15
810
Convert 1407 (base 14) to base 15.
10aa
What is -35304 (base 9) in base 8?
-56027
What is -25 (base 10) in base 11?
-23
Convert -13012 (base 4) to base 2.
-111000110
3d93 (base 14) to base 11
8218
Convert -494 (base 16) to base 9.
-1542
5cb (base 15) to base 2
10100100100
621 (base 8) to base 12
295
-3342 (base 6) to base 7
-2165
Convert -cb76 (base 13) to base 9.
-42756
What is 640 (base 8) in base 4?
12200
What is -10201 (base 3) in base 5?
-400
Convert -2301 (base 8) to base 10.
-1217
Convert 159 (base 13) to base 7.
465
Convert -22210212 (base 3) to base 4.
-1210112
What is 1679 (base 11) in base 5?
32033
Convert 2328 (base 9) to base 15.
7a2
-511002 (base 6) to base 11
-28392
-3111212 (base 4) to base 16
-3566
10100000000 (base 2) to base 15
5a5
What is db8 (base 14) in base 16?
a96
What is -10113 (base 4) in base 6?
-1143
What is 1240034 (base 5) in base 13?
b146
Convert 198cd (base 14) to base 16.
fd5d
Convert -484 (base 14) to base 9.
-1210
What is 1001110011100101 (base 2) in base 7?
225046
Convert 1333031 (base 5) to base 16.
6a82
Convert b2dc (base 15) to base 5.
2202112
Convert -4d0 (base 15) to base 11.
-906
What is -1041 (base 6) in base 13?
-157
-22240 (base 5) to base 8
-3042
Convert -103 (base 15) to base 11.
-198
1111 (base 7) to base 9
484
20273 (base 8) to base 13
3a77
What is 10111 (base 2) in base 4?
113
What is 763a (base 15) in base 4?
12013012
What is -4011 (base 13) in base 5?
-240202
-31 (base 6) to base 2
-10011
What is -778 (base 12) in base 10?
-1100
Convert 10100101010110 (base 2) to base 10.
10582
What is 25737 (base 10) in base 4?
12102021
What is 7412 (base 8) in base 11?
2990
Convert -479 (base 10) to base 5.
-3404
Convert -11262 (base 7) to base 4.
-231012
What is -1a800 (base 15) in base 9?
-141180
-10110 (base 2) to base 10
-22
Convert -59 (base 14) to base 15.
-54
-91bb (base 12) to base 4
-3313133
102343 (base 5) to base 10
3473
Convert 12656 (base 7) to base 9.
4622
What is 526 (base 12) in base 5?
11000
Convert -110111100 (base 2) to base 6.
-2020
Convert -17354 (base 13) to base 4.
-22313210
Convert -131132 (base 4) to base 16.
-75e
What is 384 (base 14) in base 9?
862
Convert -6176 (base 8) to base 7.
-12216
1122 (base 10) to base 13
684
-5c83 (base 16) to base 3
-1012111011
What is -128c (base 13) in base 15?
-bbb
-383d (base 14) to base 12
-5853
Convert -41353 (base 7) to base 12.
-5a44
What is 8ad (base 16) in base 10?
2221
What is -2133 (base 7) in base 12?
-533
What is 200333 (base 5) in base 15?
1d2d
Convert -5e43 (base 15) to base 3.
-1000120000
-2202111 (base 3) to base 12
-11b7
What is 77a8 (base 11) in base 16?
282a
What is 6131 (base 11) in base 15?
262b
What is 462 (base 15) in base 14?
50c
What is -4a6 (base 14) in base 6?
-4150
What is -1011101000000011 (base 2) in base 13?
-188a0
-409 (base 14) to base 13
-490
What is 16582 (base 9) in base 3?
120122202
What is -350 (base 7) in base 15?
-c2
1111001 (base 3) to base 9
1431
What is -19b (base 14) in base 3?
-110100
Convert 1110111010111 (base 2) to base 6.
55211
17245 (base 9) to base 5
334432
122b (base 16) to base 13
216a
What is -2200112 (base 3) in base 10?
-1958
230211 (base 5) to base 8
17765
Convert -110556 (base 8) to base 5.
-2142410
-14054 (base 6) to base 2
-100010010010
What is 360 (base 13) in base 3?
210200
-346 (base 8) to base 15
-105
1487 (base 10) to base 3
2001002
What is -103215 (base 9) in base 12?
-2b658
-303 (base 15) to base 12
-486
What is -58d (base 16) in base 6?
-10325
-1244 (base 8) to base 5
-10201
Convert 1001120 (base 3) to base 2.
1100000011
-3131 (base 7) to base 14
-588
Convert -1002021 (base 3) to base 16.
-316
Convert -12132 (base 9) to base 16.
-1fc1
Convert 1003220 (base 5) to base 13.
7405
What is -42243 (base 6) in base 11?
-4326
Convert -2002211 (base 3) to base 5.
-22114
-34122 (base 7) to base 2
-10000111000000
Convert 1204 (base 5) to base 10.
179
23e2 (base 15) to base 2
1110111010101
45655 (base 8) to base 9
28515
-12047 (base 8) to base 13
-246b
5550 (base 9) to base 6
30543
-63 (base 13) to base 11
-74
-130424 (base 6) to base 7
-46321
Convert 232654 (base 7) to base 4.
22031230
What is -10100001011 (base 2) in base 3?
-1202211
1110010100 (base 2) to base 5
12131
-10012 (base 6) to base 15
-5be
Convert -442431 (base 5) to base 8.
-36006
What is 22 (base 11) in base 6?
40
Convert -9397 (base 13) to base 2.
-100111110110100
-1011001010 (base 2) to base 7
-2040
What is -302132 (base 7) in base 8?
-143753
What is -113a (base 11) in base 16?
-5d7
What is -77733 (base 9) in base 4?
-30212223
Convert 1564 (base 7) to base 15.
2c4
Convert 1011100101010 (base 2) to base 3.
22010122
Convert 1311002 (base 4) to base 8.
16502
1081 (base 10) to base 15
4c1
What is -110012110 (base 3) in base 8?
-21277
-22200020 (base 3) to base 7
-24303
What is 7ca (base 14) in base 12?
a92
Convert -2077 (base 14) to base 15.
-19cd
Convert 421144 (base 6) to base 7.
201025
What is 121314 (base 5) in base 8?
10750
Convert -201021222 (base 3) to base 15.
-427b
-77437 (base 9) to base 10
-51388
Convert -2306 (base 9) to base 4.
-122223
What is -1330 (base 7) in base 4?
-13333
Convert -210010 (base 3) to base 12.
-3b6
What is 20